v(s) = 36 - 24 - 14 + 22*s. Let a be v(-1). Let u = 24 - a. List the prime factors of u.
2, 3
Let o(f) = 261*f**2 - 76*f + 628. List the prime factors of o(8).
2, 37, 113
Let h(j) = 3*j**3 - 51*j**2 + 7*j - 152. List the prime factors of h(29).
3, 11, 919
Suppose 0 = -2*w, -68 = 7*j - 11*j - 4*w. List the prime factors of 374/j - (-6)/(-3).
2, 5
Let d = 571 - 574. What are the prime factors of (-3 + (-33)/d)*58?
2, 29
Suppose 30 = -2*r - j, 18*r + 3*j - 8 = 19*r. Suppose 2*x = 7*x - 50. What are the prime factors of r/35 + 764/x?
2, 19
List the prime factors of (9 + -1 + -2 - 9336/(-1)) + 2.
2, 73
Suppose -7*z - 3*m + 24 = -4*z, 30 = 5*z - 5*m. Suppose 91 - 315 = -z*r. List the prime factors of r.
2
Let v = -290 + 295. List the prime factors of (6 - (-1 + -1168)) + v.
2, 5, 59
Let s(r) = 243*r**2 + 137*r + 625. List the prime factors of s(-5).
3, 5, 401
Suppose -28*t - 23*t + 57*t - 11292 = 0. What are the prime factors of t?
2, 941
What are the prime factors of 6 + -5 + (-4208)/(-2)?
5, 421
Let n = 12233 + -477. What are the prime factors of n?
2, 2939
Let r be (2*-1*3)/(59/531). List the prime factors of (2/(-12))/(9/r)*671.
11, 61
Let o be (-95)/(4/(-40)*-5). Let l = -277 - o. What are the prime factors of (3 - l/(-2))*-4?
2, 3
Suppose -146*q + 133*q = -53118. List the prime factors of q.
2, 3, 227
Let q(w) be the third derivative of -91*w**4/12 - 11*w**3/3 + w**2 + 18*w. What are the prime factors of q(-4)?
2, 353
Suppose -4*u + 23650 = 21*u. List the prime factors of u.
2, 11, 43
What are the prime factors of (-3)/(-30)*5 + (-33840)/(-160)?
2, 53
Let l be (-2)/(-9) + 532/36. Let j be 3*((-320)/l)/(-8). Let g(y) = y**3 - 5*y**2 - 14*y - 8. What are the prime factors of g(j)?
2, 3
Suppose 297*l + 35800 = 305*l. Suppose 7369 = 18*g - l. List the prime factors of g.
2, 7, 47
Suppose 0 = 223*b - 90*b - 8019900. List the prime factors of b.
2, 3, 5, 67
Let o(b) = -1671*b - 6178. What are the prime factors of o(-14)?
2, 269
Let j be ((-509 + 0)*-1)/(2 + -1). Suppose -510*t = -j*t - 727. What are the prime factors of t?
727
Suppose 4*r - 28421 = -5*j, -3*r = j - 26770 + 5457. List the prime factors of r.
2, 3, 37
Let h(d) = 132*d**2 + 265*d - 1. List the prime factors of h(-3).
2, 7
Let f be 16/(-6)*6*19944/(-64). Suppose -f = -2*p - 16*p. What are the prime factors of p?
277
Suppose -3*j = -s + 12, 119*s + 9 = 123*s + j. Suppose 5*m + s*v = 3753, 3*v - 826 - 668 = -2*m. List the prime factors of m.
3, 251
Let t(u) be the third derivative of -13*u**4/24 - u**2. Let x be t(-4). Let p = x + -22. What are the prime factors of p?
2, 3, 5
Let y(j) = -2*j**3 - 6*j**2 - 11*j + 13. Suppose -7*r - 6 = -6*r. What are the prime factors of y(r)?
5, 59
Let i be (-2)/(-4)*(42 + -4). Suppose 5*w + 4*m - i = 13, -14 = -2*w - 2*m. List the prime factors of 62/22 + w/22 + 82.
5, 17
Let m = 9488 - 4526. List the prime factors of m.
2, 3, 827
Suppose 2*i = -2*v - 1389 + 11739, -5*i = v - 5155. What are the prime factors of v?
2, 5, 7, 37
Let b = 37155 - 20259. List the prime factors of b.
2, 3, 11
Let c(l) = -l**2 - 2*l - 1. Let z(a) = a**3 - 8*a**2 + 5*a - 2. Let u(k) = -5*c(k) + z(k). List the prime factors of u(7).
2, 19
What are the prime factors of 6160146/1830 + 6/(-5) + 1?
2, 3, 11, 17
Suppose -193*q = -210*q + 35164 + 64949. List the prime factors of q.
3, 13, 151
Suppose -4*a + 34659 = -m, 5*a = 8*m - 3*m + 43320. List the prime factors of a.
5, 1733
Suppose -18*f - 152 = -22*f. Let w = -40 + f. List the prime factors of (17/6)/((-2)/6)*w.
17
Let u(s) = -14*s**3 - 78*s - 154. List the prime factors of u(-12).
2, 12487
Let r be 9/6*(1 - 201/9). What are the prime factors of (r - -452) + (-3)/(-3)?
421
Let g be -1*(12 - 11)/((-1)/8). Let s(w) = 2*w - 3. Let j be s(4). Suppose g = 7*l - j*l. What are the prime factors of l?
2
What are the prime factors of (32934 + 3 + -7)*7/14?
5, 37, 89
What are the prime factors of (-6 - 2424/(-18))/(9/351)?
2, 13, 193
Suppose -74*q = -4227842 + 1053686. List the prime factors of q.
2, 3, 2383
Let y(q) = -7980*q + 1425. What are the prime factors of y(-9)?
3, 5, 19, 257
Suppose 11*k - 76 = 9*k - 3*y, 0 = 2*k - y - 60. Let a = k - -53. List the prime factors of a.
5, 17
Suppose -2*s + 1444 = 2*s + 5*o, 2*s + 2*o = 724. Let h = -181 + s. What are the prime factors of h?
5, 37
Let p be (-6 + -3)/((-6)/318). Suppose 8*j - p = 147. What are the prime factors of j?
2, 3, 13
Let r = 433 - 430. Let f(l) = 23*l**3 - l**2 - 5*l + 1. What are the prime factors of f(r)?
2, 13, 23
Suppose 34*m - r - 1422 = 39*m, 1440 = -5*m + 5*r. Let u be (-25)/9 - 6/27. List the prime factors of (m - u)/(-3) + 3.
97
Let o(p) = -32*p + 2 + 0 - 8 - 6*p**2 + 158*p + 11. List the prime factors of o(17).
7, 59
Suppose 3*p = -4*v + 46, 4*p - 4*v - 32 = -2*v. Suppose 14*m = p*m - 12. What are the prime factors of (1 + (-109)/m)*(-2 + 5)?
2, 7
Let d = 13 - 36. Let z = d - -11. What are the prime factors of -6*(124/z + 1)?
2, 7
What are the prime factors of (-14 - -525)/((4/3 - -1) + -2)?
3, 7, 73
Let j = -160 - -126. Let g = -42 - -28. Let n = g - j. List the prime factors of n.
2, 5
Let g(o) = 21*o**3 + 4*o**2 + 2*o. Let l be g(-2). Suppose 74*k + 1482 - 30653 = -2235. Let a = l + k. What are the prime factors of a?
2, 13
Let c(s) = 4*s**3 + 65*s**2 + 14*s - 33. Let q be c(-16). Let v(r) = -1400*r - 3. What are the prime factors of v(q)?
11, 127
Let k(f) = 4*f - 6*f**2 - 37 + 4*f**3 + 45 - 3*f**3. Let u be k(5). Suppose -2 = -2*w, -5*r + u*r = 5*w - 195. What are the prime factors of r?
5, 19
Let w(u) be the third derivative of 5*u**4/12 - u**3/3 + 14*u**2. Let c be w(6). Suppose 4*y - 2*o = 204, -2*o - 210 = -3*y - c. List the prime factors of y.
2, 13
Suppose 2083*f - 88476 = 2081*f. List the prime factors of f.
2, 3, 73, 101
Let s be (-4)/(-2)*(-8 + 609/(-14)). Let p = s - -515. What are the prime factors of p?
2, 103
Let p(k) = 4*k**2 + 17*k + 15. Let n be p(-8). Suppose 4*g + 0*y = -y + 180, -3*g + n = y. What are the prime factors of (-744)/(-9)*g/20?
2, 3, 31
Let f be ((-3)/7)/((-2)/14). Suppose 5*q + f*c = 2972, -3*q + 2*c - 101 = -1869. Suppose 144 = 4*n - q. What are the prime factors of n?
2, 23
Let g(d) = d**2 - 12*d - 104. Let j be g(18). Suppose 1210 = j*q + q - 2*f, -4*q = -3*f - 975. What are the prime factors of q?
2, 3, 5
Let i = 210789 - 126804. What are the prime factors of i?
3, 5, 11, 509
Let m = 21168 - 11732. List the prime factors of m.
2, 7, 337
Let v be (28/(-3))/(-2) + (-4)/6. Suppose -4*s + 8 = 0, -v*b = 2*s - 6*s + 40. What are the prime factors of (-5)/(-40) + (-1679)/b?
2, 3, 5, 7
Let n = 38 + -28. Let b = n + -51. Let x = b - -97. What are the prime factors of x?
2, 7
Suppose -2313495 = -118*s - 17*s. List the prime factors of s.
17137
Let l(a) = 2*a**2 - 4*a - 8. Let u(s) = s**2 + s - 5. Let z be u(4). Let m(j) = -2*j + 34. Let i be m(z). List the prime factors of l(i).
2
Suppose -5*a + h + 67320 = 0, -4*h = -2*h. Let o be (-3)/(-15) + a/30. Suppose 11*w = 2088 - o. What are the prime factors of w?
149
Suppose 0 = -3*y + 2*d - 25, 6*y + 5*d + 18 = 2*y. What are the prime factors of ((-30037)/(-35) - y) + (-2)/10?
5, 173
Suppose 0 = 36*t - 35*t - 2172. What are the prime factors of t?
2, 3, 181
Let b be (25/(-2))/((-12)/(-24)). What are the prime factors of ((-1)/(-2))/(b/(-9800))?
2, 7
Suppose -2*y + 5*n - 4 = 0, 4*y + 6 - 10 = 4*n. What are the prime factors of (14 + 211)/3*56/y?
2, 5, 7
List the prime factors of (104/(-338))/(8/(-1843504)).
2, 8863
Suppose -81 = 8*t - 121. What are the prime factors of (76/6)/(t - 126/27)?
2, 19
Let m(c) = 3*c**2 + 30*c - 19. Let i be m(-11). Let l(u) = 2*u**2 + 2*u - 57. List the prime factors of l(i).
3, 11
Let z(t) be the second derivative of t**5/20 + t**4/6 - t**3/3 + 15*t**2 + 73*t. What are the prime factors of z(6)?
2, 3, 17
Suppose -3*x + 0*x + v = 65, -5 = x + 3*v. Let q = x - -1. Let n = q - -28. List the prime factors of n.
3
Let y be (-13 + 4)*4/24*-4. Suppose -y*x + 17 = 53. What are the prime factors of (3/(45/x))/(3/(-15))?
2
Suppose -u + 1847 = -3*v, 114*u - 111*u = 3*v + 5559. What are the prime factors of u?
2, 29
Let s(i) = 4*i**2 + 95*i - 102. List the prime factors of s(-48).
2, 3, 11, 23
Let z(w) = 5189*w**2 - 1003*w + 4027. List the prime factors of z(4).
11, 75